 6, what is -12 - -44?
32
In base 16, what is 3ac - 5?
3a7
In base 6, what is 40144 + -2?
40142
In base 13, what is 5 + -93?
-8b
In base 2, what is 111001 - 1?
111000
In base 15, what is -3 + 5?
2
In base 6, what is -11 - -30152?
30141
In base 10, what is -160 - -1?
-159
In base 5, what is 44 - -33?
132
In base 4, what is -11 + 100221?
100210
In base 14, what is -d7 - 5?
-dc
In base 9, what is 2 + -424?
-422
In base 10, what is 22 - -812?
834
In base 4, what is 101032 + 20?
101112
In base 4, what is 213003 - 1?
213002
In base 8, what is -75 + 25?
-50
In base 3, what is -1100 + -2120?
-10220
In base 9, what is -4 + -368?
-373
In base 15, what is -2 + 2e3?
2e1
In base 8, what is 627 - -2?
631
In base 4, what is -2 + 1131?
1123
In base 8, what is 4 - 2220?
-2214
In base 8, what is -1426 - -1?
-1425
In base 13, what is 222c + -2?
222a
In base 10, what is -3 + 67?
64
In base 4, what is 2 + 102?
110
In base 11, what is -3 - 1717?
-171a
In base 14, what is c6 - -2?
c8
In base 15, what is 7 - -2?
9
In base 12, what is -4255 + 5?
-4250
In base 11, what is -16 - 34?
-4a
In base 12, what is 36 - 31a?
-2a4
In base 4, what is -1 - 31200?
-31201
In base 16, what is 5 - -28?
2d
In base 8, what is -136 - -1?
-135
In base 9, what is -633 - 5?
-638
In base 16, what is -3 + -387?
-38a
In base 14, what is 3a + -5?
35
In base 11, what is -12a - -3?
-127
In base 8, what is -5674 + 0?
-5674
In base 13, what is -7 - 130?
-137
In base 15, what is -5 - 3cb?
-3d1
In base 16, what is 4 - -131?
135
In base 2, what is 101 - 10111?
-10010
In base 2, what is 10000 - 1100?
100
In base 8, what is 0 + -27?
-27
In base 8, what is 2 - -136?
140
In base 13, what is -11 + -6?
-17
In base 6, what is 0 - 25224?
-25224
In base 6, what is 231 - 111?
120
In base 15, what is 1d3 + -4?
1ce
In base 3, what is 1 - -2012011?
2012012
In base 11, what is 306 + -34?
282
In base 12, what is 27b + 17?
296
In base 7, what is 112 + -3?
106
In base 11, what is a - 1?
9
In base 4, what is 123 - 221?
-32
In base 4, what is -12 + -11211?
-11223
In base 9, what is -660 - -4?
-655
In base 11, what is -26 + 2?
-24
In base 4, what is 120133 + 0?
120133
In base 13, what is -2 - 45?
-47
In base 7, what is 211 - -3?
214
In base 13, what is -6 - -3?
-3
In base 4, what is -20013 - 11?
-20030
In base 3, what is 12 - 11220?
-11201
In base 3, what is -11 + 100222?
100211
In base 11, what is 626 - 2?
624
In base 8, what is 2 + -3747?
-3745
In base 15, what is -7 - 4?
-b
In base 13, what is -2847 - 5?
-284c
In base 14, what is -5 - -3a?
35
In base 13, what is -489 - 2a?
-4b6
In base 12, what is -3 + 331?
32a
In base 14, what is -20 + -b0?
-d0
In base 8, what is 105 - 23?
62
In base 13, what is -6 + 58?
52
In base 4, what is -33 + 0?
-33
In base 13, what is 321 - 3?
31b
In base 13, what is -2 - -189?
187
In base 8, what is 14 - -52?
66
In base 5, what is 32 - -1011?
1043
In base 8, what is -11 - -36?
25
In base 5, what is 1 + 1021?
1022
In base 4, what is -101 + 11100?
10333
In base 6, what is -1513 + 1?
-1512
In base 15, what is -2a7 - -3?
-2a4
In base 12, what is 2 - a8?
-a6
In base 10, what is -37 + -3?
-40
In base 8, what is 11 + -12?
-1
In base 15, what is -3 - -5?
2
In base 12, what is -a8 - -1?
-a7
In base 2, what is -10010 + -100100?
-110110
In base 11, what is 2861 + -5?
2857
In base 2, what is -10101001 - 101?
-10101110
In base 16, what is ce - 3?
cb
In base 9, what is -154 + -1?
-155
In base 7, what is -142 - 0?
-142
In base 14, what is 6 - -15?
1b
In base 5, what is 111 - -141?
302
In base 15, what is -2 + 18b?
189
In base 6, what is -2 - -231?
225
In base 6, what is -12342 - -2?
-12340
In base 6, what is -5 + -214?
-223
In base 6, what is -4 + -1331?
-1335
In base 11, what is -145 - -3?
-142
In base 11, what is -3 + -304?
-307
In base 4, what is 10022 - -3?
10031
In base 12, what is -201 + -10?
-211
In base 11, what is 9 - -240?
249
In base 7, what is -4 + 16?
12
In base 13, what is -29 + -10?
-39
In base 5, what is -1412 - -20?
-1342
In base 6, what is -111113 - -2?
-111111
In base 3, what is -22 + 200?
101
In base 6, what is 21501 + 3?
21504
In base 6, what is -5 + 5151?
5142
In base 14, what is -1c - -3?
-19
In base 16, what is 2 - -2cf?
2d1
In base 5, what is 114311 + -1?
114310
In base 11, what is -2 - 13?
-15
In base 5, what is -110 - -1040?
430
In base 9, what is 46 - -2?
48
In base 5, what is -2 - -131?
124
In base 4, what is 3 + 13033?
13102
In base 10, what is 3 - -109?
112
In base 10, what is 5749 + -5?
5744
In base 7, what is 5 - 6?
-1
In base 13, what is -5 - 66?
-6b
In base 9, what is -2 - 8?
-11
In base 14, what is 90 - 6?
88
In base 13, what is -1 + -1bc?
-1c0
In base 5, what is -10 - -10004?
4444
In base 12, what is 3 + -13?
-10
In base 12, what is 4 - -26?
2a
In base 2, what is 1000010 - -11?
1000101
In base 12, what is -11a - 5?
-123
In base 7, what is 100 + 22?
122
In base 8, what is 0 + -21?
-21
In base 2, what is 1101001110 - -1?
1101001111
In base 15, what is 38 + 12?
4a
In base 7, what is -1 - 123?
-124
In base 13, what is -2c - -2?
-2a
In base 16, what is -1e5 - 5?
-1ea
In base 7, what is 4 + 10?
14
In base 6, what is -5 + 304?
255
In base 12, what is 44 + -4?
40
In base 2, what is 1101011 - -110?
1110001
In base 3, what is 0 - -120021?
120021
In base 14, what is 506 + 1?
507
In base 15, what is -d - -187?
179
In base 11, what is 17 - -104?
120
In base 8, what is 34 - -342?
376
In base 14, what is 11a - -2?
11c
In base 15, what is 4 + -3?
1
In base 11, what is 7 - 486?
-47a
In base 15, what is b + -51?
-45
In base 4, what is -10 + 23031?
23021
In base 6, what is 2413 + -1?
2412
In base 15, what is 0 - -a17?
a17
In base 13, what is -5 + 3c?
37
In base 8, what is -50 - 5?
-55
In base 4, what is 122 - -2?
130
In base 3, what is 2 - -20211?
20220
In base 6, what is 4 + 4343?
4351
In base 5, what is 3 - -100?
103
In base 10, what is -3 + -49?
-52
In base 5, what is 1330 - 14?
1311
In base 14, what is -b339 - -1?
-b338
In base 16, what is 8b + 5?
90
In base 5, what is 44 + -1041?
-442
In base 9, what is 65 - 10?
55
In base 2, what is 1010100 + 110?
1011010
In base 16, what is -2 - -3c?
3a
In base 11, what is 3 - 143?
-140
In base 16, what is f - -9?
18
In base 15, what is 0 - -cc?
cc
In base 11, what is 11 - -418?
429
In base 3, what is -21202 - 200?
-22102
In base 7, what is -5 - -42?
34
In base 15, what is -214e - -2?
-214c
In base 8, what is 145 + 1?
146
In base 12, what is 2 - -a4b?
a51
In base 6, what is 2 - 3333?
-3331
In base 2, what is -1 - -101010?
101001
In base 10, what is 3541 + -5?
3536
In base 3, what is -1111 + -21?
-1202
In base 7, what is 52 - 6?
43
In base 3, what is -12 + 1122?
1110
In base 4, what is -1 - -21?
20
In base 9, what is -1 + 400?
388
In base 3, what is 11 - 101220?
-101202
In base 10, what is 1 - -53?
54
In base 6, what is 3014 - -5?
3023
In base 10, what is -4 + 17?
13
In base 16, what is 3 + 45?
48
In base 8, what is -415 + -1?
-416
In base 14, what is c135 - 3?
c132
In base 12, what is -2 - 2b4?
-2b6
In base 7, what is -120 + -1?
-121
In base 2, what is 11100111000 + -10?
11100110110
In base 2, what is 10001001011 + -100?
10001000111
In base 10, what is -7 + -775?
-782
In base 4, what is 10132 - -10?
10202
In base 2, what is 1001010 + -110?
1000100
In base 3, what is 202002 + -1?
202001
In base 16, what is a - -119?
123
In base 4, what is 201 + 11?
212
In base 14, what is -9 + 1?
-8
In base 12, what is -5 + -118?
-121
In base 15, what is 7 + -1c9?
-1c2
In base 11, what is -9 + -1?
-a
In base 9, what is -1447 - 4?
-1452
In base 6, what is 0 - -104?
104
In base 12, what is -84 - -4?
-80
In base 14, what is -1 - 1a?
-1b
In base 6, what is 41543 + -3?
41540
In base 5, what is 0 - 121?
-121
In base 11, what is 33 + -1?
32
In base 14, what is -1c - 15?
-33
In base 6, what is 0 - -3240?
3240
In base 10, what is 14484 + -3?
14481
In base 7, what is -14 - -25?
11
In base 15, what is -12 + 4?
-d
In base 14, what is -3 - 21c?
-221
In base 2, what is -1010100001 - -1010?
-1010010111
In base 7, what is 0 - -4?
4
In base 5, what is 13 + 31?
44
In base 15, what is -9 - -39?
30
In base 6, what is -3 - -135?
132
In base 13, what is 1 + -4c?
-4b
In base 6, what is -133 + -5?
-142
In base 10, what is 4 - 5432?
-5428
In base 7, what is -2 - 1411?
-1413
In base 2, wh